2 is divided by k.
4
Let f be (-17)/(-2) + (-1)/(-2). Suppose -4*o = -f*o + 35. Calculate the remainder when 13 is divided by o.
6
Suppose 0 = -5*i - d - 0*d + 119, 75 = 3*i - 3*d. What is the remainder when i is divided by 9?
6
Suppose 3*u = 3*k - 23 - 40, 4*k - 54 = -2*u. Calculate the remainder when k is divided by 9.
7
Calculate the remainder when 214/2 + -3 - 0 is divided by 35.
34
What is the remainder when (-7)/((-35)/20) + 219 is divided by 45?
43
Let d(t) = -2*t**2 - 31*t + 21. What is the remainder when (-22)/(4/(-2)) - -2 is divided by d(-16)?
3
Let o be -7 + (-2 + 2)/(-2). Let v = 10 + o. Suppose -12 = -v*a + 15. Calculate the remainder when 26 is divided by a.
8
Let u = 4 + 10. What is the remainder when 39 is divided by u?
11
Let j = 3 - 24. Let r be 1 - 7/(j/300). Suppose -4*g + 14 + 66 = 4*k, 0 = 4*k - 3*g - r. Calculate the remainder when 45 is divided by k.
22
Let y(s) = -s - 2. Let i be y(-7). Suppose 3*c - j = -0 + i, j = 2*c - 2. Calculate the remainder when c is divided by 1.
0
Let b = 23 - 15. What is the remainder when 20 is divided by b?
4
Suppose 0 = 3*r - 9, 2*r + 87 = -2*h + 269. Suppose 4*g - 5*x - h = -36, 4*g = -2*x + 24. What is the remainder when g is divided by -5*(1 - 6/3)?
3
Suppose -4*k + o = 5*o - 16, 5*o - 29 = 4*k. Let l = -2 - k. What is the remainder when 13 is divided by (-21)/(-1)*l/(-3)?
6
Let b = -22 + 43. Suppose -2*v - 3*v + 10 = 0. Suppose -v*d + 5*d - 2*j = 43, 25 = -5*j. What is the remainder when b is divided by d?
10
Let r(w) = w**3 - 5*w**2 - 4*w - 8. Suppose 5*x - j = 15, -2*x + j + 3 = -x. Suppose -5*a + 18 - x = 0. Calculate the remainder when r(6) is divided by a.
1
Suppose 4*t = 3*t + 2*w + 19, -19 = -t - 2*w. What is the remainder when 30 is divided by t?
11
Let w(p) be the first derivative of 19/2*p**2 - 1 - 4*p. Calculate the remainder when w(3) is divided by 18.
17
Suppose 5*v - 40 = 5*w, 0*w - 5*w = v + 22. Let z(b) = -3*b - v - 2*b**2 + b**3 - 1 + 5*b. Calculate the remainder when 21 is divided by z(3).
10
Let p = 18 + -2. Suppose -b - b = -p. What is the remainder when (-2)/8 - (-89)/4 is divided by b?
6
Let k(m) = -m - 2. Let a(j) = 3*j**2. Let w be a(-1). Let i = 6 - w. Calculate the remainder when k(-5) is divided by i.
0
Let s = -10 + 15. Suppose 0*p = p - 9. Calculate the remainder when p is divided by s.
4
Suppose 7*u - 52 - 74 = 0. What is the remainder when 49 is divided by u?
13
Let d = -25 - -34. What is the remainder when d is divided by 4?
1
Suppose 0 = -2*k + 10, 5*s + 32 = 5*k + 7. Suppose s = -3*y - 3, 134 = -d + 6*d - 4*y. What is the remainder when d is divided by (5 + 1)*(-6)/(-4)?
8
Let z(r) = r**3 + r**2 + 21. Calculate the remainder when z(0) is divided by 6.
3
Let r = -6 + 12. Let k = 46 - 25. Calculate the remainder when k is divided by r.
3
Let w = 38 - 14. Suppose 0 = b - v - 17, 0*v - 20 = 5*v. What is the remainder when w is divided by b?
11
Calculate the remainder when 171 is divided by 1/(1*6/258).
42
Suppose 2*k - 4*k + 192 = 0. Calculate the remainder when k is divided by 11.
8
Let u be (16/(-6))/2*-3. Let p = 34 + u. Calculate the remainder when p is divided by 20.
18
Suppose 24*g + 324 = 28*g. Calculate the remainder when g is divided by 28.
25
Suppose 11*w = 8*w + 18. What is the remainder when 29 is divided by w?
5
Let s = -4 + 0. Let y be 8*s*(-1)/(-2). Let d = 7 - y. Calculate the remainder when d is divided by 13.
10
Let j = 94 - 57. Suppose -4*c = 35 + 17. Let b = c + 32. Calculate the remainder when j is divided by b.
18
Suppose -3*q - 8 = -29. Let h(r) = 3*r + 6. Suppose 5*m - m - 56 = 0. What is the remainder when h(q) is divided by m?
13
Let r(g) = -2*g + 13. Let q be r(-9). Let z = 4 + q. Let b = -19 + z. Calculate the remainder when 30 is divided by b.
14
Let k be (-5)/2 - (-1)/2. Let l = 14 - 4. What is the remainder when l is divided by 3 - (-6 - 6/k)?
4
Let k = 0 - 0. Let d(s) = s**3 + 11. Suppose 4*y + r - 87 = -0*y, -24 = -y - r. Calculate the remainder when y is divided by d(k).
10
Let d = 11 + -3. Calculate the remainder when 29 is divided by d.
5
Suppose k = 45 + 11. What is the remainder when k is divided by 12?
8
Let o(d) = -d - 8. Let f be o(-9). Let b be ((-18)/5)/(f/(-50)). Suppose 5*q - 170 = 4*h, -3*q = 2*q - 2*h - b. What is the remainder when q is divided by 13?
12
Let t(n) = -n**2 + 5*n - 2. Suppose 5*x - 30 = -0*x. Suppose -2*j + 0*j + x = 0. What is the remainder when j is divided by t(4)?
1
Suppose 0 = -c - 4*y - 2, 2*c = 5*y - 0 + 9. Suppose 2*k + 6 = 4*v, 5*v - 2*v + 2*k = 1. What is the remainder when c is divided by v?
0
Calculate the remainder when 30 is divided by (1 + -25)*10/(-30) + 3.
8
Suppose -2*h + 4*h = 66. Suppose -3*r + 5*i = -37 - 5, -60 = -5*r + 5*i. Calculate the remainder when h is divided by r.
6
Suppose -6*h - 2*j = -h - 29, 5*j = -4*h + 30. Let l(b) = -3*b + 10*b + 4 + 4 - 3. What is the remainder when l(h) is divided by 21?
19
Let d(y) = y. Let t be d(3). Suppose -4*r - t*k = -39, 0 = 3*k - 0 - 3. Calculate the remainder when 16 is divided by r.
7
Suppose 8 - 74 = -j. Suppose i - 1 = -0*i, -3*i = 3*w - j. What is the remainder when 60 is divided by w?
18
Suppose 5*p - 7 = 8. Suppose 75 - 15 = p*a. What is the remainder when (2/(-12) - 2768/96)*-2 is divided by a?
18
Suppose 4*j - 34 = 38. Let u = j - 8. Calculate the remainder when 39 is divided by u.
9
Suppose -95 - 31 = -9*q. What is the remainder when 83 is divided by q?
13
What is the remainder when (6/4)/((-9)/(-54)) is divided by 4?
1
Let t = 6 + 5. What is the remainder when 29 is divided by t?
7
Let s be (2/3)/(2/6). Let d = 3 - -2. Calculate the remainder when d is divided by (-1 + 0)*(-4)/s.
1
Let j(s) = -36*s + 1. Let u be j(1). Let a = 58 + u. Calculate the remainder when a is divided by 8.
7
Suppose -4*n - 3*u = -106, 2*u + 46 + 50 = 4*n. What is the remainder when 74 is divided by n?
24
Let n(w) = w - 2. Let o be n(-2). Let r(z) = 24*z**2 - 1. Calculate the remainder when r(1) is divided by (o + 1)/((-2)/8).
11
Let l(h) = 5*h**2 + h + 1. Let o be l(-1). Let a = o - 3. Suppose k = n + 2 + a, 2*k - 2 = -n. Calculate the remainder when 4 is divided by k.
0
Suppose 4*v - 37 = -13. Let w(h) = h**2 - 6*h + 8. Let q be w(v). Let k = -6 + q. What is the remainder when 5 is divided by k?
1
Let d(k) = 18*k - 2. Let t be d(3). Suppose -5*j + t = -3*s, 0*j + 20 = 2*j - s. What is the remainder when j is divided by 3?
2
Let t(f) = 4*f. Let j be (1 - 4)*(-4)/12. Calculate the remainder when 15 is divided by t(j).
3
Calculate the remainder when (-8)/(-20) + 1389/15 is divided by 12.
9
Let l = 68 - 37. What is the remainder when 61 is divided by l?
30
Let s be (1/(1/6))/2. Let m(o) = -9*o + 7. What is the remainder when (-1 - 2)*(-25)/s is divided by m(0)?
4
Suppose -5*x = -15*x + 770. Let h = 25 + 1. Calculate the remainder when x is divided by h.
25
Let i(k) = 4*k + 25. What is the remainder when 14 is divided by i(-5)?
4
Let s = -99 - -176. What is the remainder when s is divided by 6?
5
Suppose 35 = 3*d - 10. What is the remainder when (-1)/(-4) - 111/(-4) is divided by d?
13
Suppose 3*u - g + 4*g = 198, -4*u + 2*g + 252 = 0. Calculate the remainder when u is divided by 11.
9
Let k(h) = 16*h**3 - 36*h**2 + 14. Let w(m) = -3*m**3 + 7*m**2 - 3. Let b(n) = 2*k(n) + 11*w(n). What is the remainder when b(3) is divided by 4?
1
Let h = 33 - 1. Calculate the remainder when h is divided by 9.
5
Suppose -10*v - 25 = -5*v, 0 = 2*l + 3*v - 3. Calculate the remainder when 42 is divided by l.
6
Suppose -44*d - 20 = -45*d. Calculate the remainder when 99 is divided by d.
19
Suppose -4*g + 16 = -4*v, 5*g + 16 = -v - 18. Let a be (-2)/3 - 51/v. Suppose -10 = -a*j - 0. Calculate the remainder when 2 is divided by j.
0
Let y = -4 - -2. Calculate the remainder when (10/1)/(1/2) is divided by 0 - (2 - (-18)/y).
6
Let g(c) = c**2 + 2*c + 1. Let h = 7 + 0. What is the remainder when g(4) is divided by h?
4
Let y be (-10)/12 - (-5)/(-30). Let v = -3 - y. What is the remainder when 8 is divided by (5/v)/(1/(-2))?
3
Let m(a) = 6*a - 2. Calculate the remainder when 10 is divided by m(1).
2
Let k = 3 + -4. What is the remainder when 40/6*(-3)/k is divided by 7?
6
Let x be 20/(-5) + 7*1. Let r = 12 + x. Calculate the remainder when 28 is divided by r.
13
Suppose 